. Determine l(27).
-736
Let a(d) = -279*d**2 - 1371*d + 4063. Give a(-7).
-11
Let a(h) = 36*h**2 + 1774*h + 21598. Give a(-22).
-6
Let s(x) = 98*x + 2171. Calculate s(-25).
-279
Let d(s) = -s**3 + 56*s**2 + 90*s - 8001. Give d(55).
-26
Let b(k) = -3*k**2 - 3193*k + 95117. Give b(29).
-3
Let a(i) = -2*i**3 - 125*i**2 - 1794*i + 2631. Give a(-26).
-73
Let k(p) = -25138*p - 75435. Calculate k(-3).
-21
Let d(a) = -2585931*a + 19. Give d(0).
19
Let s(x) = x**3 + 505*x**2 + 42351*x + 6042. What is s(-106)?
0
Let c(k) = 14*k**3 - 90*k**2 + 28*k + 58. Give c(6).
10
Let j(f) = f**2 + 18633*f + 483788. Determine j(-26).
6
Let p(l) = 3*l**2 - 242*l + 3910. Give p(60).
190
Let j(n) = 9*n**3 - 719*n**2 - 85*n + 254. Determine j(80).
-146
Let u(n) = 8*n**3 - 783*n**2 - 99*n - 120. Determine u(98).
-218
Let o(v) = -36*v**3 - 68*v**2 - 2*v - 30. Determine o(-5).
2780
Let a(x) = 16545*x - 6998553. What is a(423)?
-18
Let q(y) = -18*y**3 - 622*y**2 + 272*y - 247. Give q(-35).
33
Let f(y) = y**2 - 752*y + 132122. Determine f(280).
-38
Let j(n) = 2*n**2 - 17118*n + 85556. What is j(5)?
16
Let h(i) = -640*i**2 - 157438*i + 113. Calculate h(-246).
-379
Let r(i) = 3950*i - 31809. Determine r(8).
-209
Let g(s) = -s**2 + 255*s + 4998. Calculate g(-18).
84
Let c(o) = o**3 + 46*o**2 + 10*o - 272. Determine c(0).
-272
Let m(t) = 2*t**2 + 482*t - 39382. Calculate m(-305).
-342
Let x(z) = -12*z**3 + 2*z**2 - 26*z + 9. Calculate x(-8).
6489
Let g(y) = y**2 - 85*y - 112749. Calculate g(381).
27
Let n(l) = 6*l**3 - 55*l**2 - 481*l + 4406. Give n(9).
-4
Let d(y) = -20*y**2 - 418*y + 1705. Give d(4).
-287
Let n(v) = -4723*v + 61135. Calculate n(13).
-264
Let b(y) = -6248*y + 481006. Give b(77).
-90
Let v(k) = 6*k**3 + 35*k**2 - 110*k + 30. What is v(2)?
-2
Let a(c) = 667*c**2 - 38*c + 19. Calculate a(1).
648
Let c(f) = f**2 + 70*f - 4062. Determine c(37).
-103
Let j(i) = -1375*i - 197968. Calculate j(-144).
32
Let w(g) = -5*g**3 - 52*g**2 - 114*g - 999. What is w(-10)?
-59
Let o(r) = 609*r - 5957. Give o(10).
133
Let x(c) = 263*c**2 - 150145*c - 15994. What is x(571)?
-6
Let q(p) = p**3 + 121*p**2 + 737*p - 340. Determine q(-7).
87
Let y(j) = -212*j + 1278. Calculate y(8).
-418
Let z(s) = 461*s - 97292. Determine z(211).
-21
Let q(m) = -m**3 - 22*m**2 + 3931*m + 56612. What is q(-14)?
10
Let t(f) = 4*f**2 + 7379*f + 66067. What is t(-9)?
-20
Let o(j) = 2*j**2 + 249*j + 3352. Determine o(-103).
-1077
Let u(s) = 294*s + 96811. What is u(-328)?
379
Let r(o) = 2*o**2 - 5943*o + 47444. Calculate r(8).
28
Let x(w) = 3*w**3 - 19*w**2 - 13*w + 109. Give x(5).
-56
Let w(b) = -2*b**2 + 158*b + 33046. Determine w(174).
-14
Let q(y) = 2468*y + 101305. Determine q(-41).
117
Let g(y) = 1762*y + 41149. What is g(-24)?
-1139
Let r(q) = 2*q**3 + 205*q**2 - 454*q + 7426. What is r(-105)?
-29
Let d(c) = 116*c - 11556. Calculate d(82).
-2044
Let d(y) = -17*y - 2404. Determine d(-141).
-7
Let v(s) = 5*s**3 - 116*s**2 + 129*s + 102. Give v(22).
36
Let s(x) = -26*x**3 + 68*x**2 + 12962*x - 13029. What is s(1)?
-25
Let k(h) = -3*h**3 + 106*h**2 - 128*h - 8394. Calculate k(31).
131
Let g(t) = -639*t + 150347. Give g(236).
-457
Let c(n) = 253*n + 850. Give c(-7).
-921
Let u(s) = 7*s**2 - 1997*s + 37683. Give u(265).
53
Let m(l) = l**3 + 85*l**2 - 204*l - 16709. What is m(-85)?
631
Let i(h) = 7*h**2 + 566*h - 980. What is i(-83)?
265
Let b(k) = -2*k**3 - 5*k**2 - 4159*k - 24950. Give b(-6).
256
Let p(c) = 3*c**3 + 117*c**2 + 141*c + 1108. Calculate p(-38).
82
Let m(x) = -56938*x + 569385. What is m(10)?
5
Let s(k) = -1801*k**2 - 28808*k + 7. Determine s(-16).
-121
Let j(q) = 134*q - 8328. Calculate j(96).
4536
Let k(s) = 8326*s + 2073112. Give k(-249).
-62
Let t(b) = 28504*b + 3705515. What is t(-130)?
-5
Let h(w) = 12*w**3 - 17*w**2 + 137*w - 265. What is h(6)?
2537
Let b(j) = 241*j - 2086. What is b(11)?
565
Let k(y) = 2*y**2 + 143*y + 2490. Determine k(-29).
25
Let t(n) = -10*n**2 + 3309*n + 109. Calculate t(331).
-222
Let c(k) = -37*k**2 + 674*k - 3345. What is c(5)?
-900
Let y(n) = -840*n - 30159. Give y(-35).
-759
Let i(o) = 3*o**2 - 732*o - 11754. What is i(259)?
-99
Let d(a) = 228886*a + 3433307. What is d(-15)?
17
Let b(h) = 8895*h - 551512. Give b(62).
-22
Let n(o) = -1507*o - 28626. Calculate n(-19).
7
Let q(y) = -3*y**2 - 448*y + 2151. Give q(-154).
-5
Let g(z) = 17*z**2 - 1101*z - 334. What is g(65)?
-74
Let i(r) = -r**3 - 2363*r**2 - 53*r + 81. Determine i(0).
81
Let s(l) = 2*l**2 - 1824*l + 14455. Give s(8).
-9
Let d(s) = -7*s**3 + 873*s**2 + 10741*s + 411. Give d(136).
3
Let o(h) = -9426*h - 292226. What is o(-31)?
-20
Let y(u) = 8650*u + 614122. Determine y(-71).
-28
Let n(f) = 39*f**2 - 1320*f + 39. Calculate n(34).
243
Let x(w) = -w**3 + 164*w**2 - 2230*w - 520. Calculate x(149).
225
Let x(w) = -2*w**3 - 96*w**2 - 602*w - 40103. Calculate x(-50).
-3
Let g(m) = -4*m**2 + 2205*m - 24292. What is g(540)?
8
Let x(c) = 3*c**3 + 497*c**2 + 289*c - 8174. Calculate x(-165).
-1409
Let j(r) = 13987*r + 195814. Give j(-14).
-4
Let i(p) = 10*p**2 + 126*p - 831. Give i(7).
541
Let j(x) = x**2 - 86*x - 1115. What is j(93)?
-464
Let z(y) = -7*y**2 + 1329*y + 2726. Give z(192).
-154
Let n(s) = 1423*s - 799. Give n(-2).
-3645
Let u(j) = -58*j - 4031. Calculate u(-75).
319
Let w(g) = 1522*g - 812754. Calculate w(534).
-6
Let y(a) = 11*a**2 + 283*a - 3704. What is y(18)?
4954
Let m(p) = -306*p - 1716. Determine m(1).
-2022
Let n(u) = 815*u**2 + 5708*u + 69. What is n(-7)?
48
Let c(x) = -68209*x + 2046273. Give c(30).
3
Let k(w) = -2*w**2 + 99*w + 1579. Calculate k(-17).
-682
Let i(q) = -152*q - 41216. Calculate i(-271).
-24
Let q(c) = -1040*c + 23434. What is q(23)?
-486
Let x(o) = -5*o**2 - 163*o + 5715. Determine x(22).
-291
Let t(p) = -39*p**2 - 4596*p - 113. Determine t(-118).
-821
Let m(t) = 162*t + 8577. Give m(-58).
-819
Let d(q) = -4544*q - 2821837. What is d(-621)?
-13
Let i(a) = -171*a**2 + 112*a + 311. What is i(-3)?
-1564
Let j(a) = -578*a + 9839. What is j(14)?
1747
Let i(w) = -w**2 - 321*w + 6001. What is i(18)?
-101
Let t(u) = 3*u**3 - 289*u**2 - 551*u + 54. Calculate t(-2).
-24
Let m(k) = -4863*k - 48611. What is m(-10)?
19
Let m(v) = -1660*v + 187572. Give m(113).
-8
Let n(x) = -x**2 + 3700*x - 36844. What is n(10)?
56
Let k(i) = 23991*i - 23998. Determine k(1).
-7
Let a(h) = 673*h + 184064. Give a(-271).
1681
Let m(j) = 565*j - 12428. Determine m(22).
2
Let t(s) = -22*s**2 + 750*s + 763. Give t(-1).
-9
Let j(y) = 10003972*y + 10003971. Calculate j(-1).
-1
Let m(k) = -503*k + 7010. Determine m(15).
-535
Let d(v) = 2*v**3 - 615*v**2 + 33745*v + 701. Give d(236).
-7
Let w(o) = -31*o**2 + 1040*o - 471. What is w(33)?
90
Let n(s) = 24*s - 1070. Determine n(15).
-710
Let s(g) = -12*g**3 + 166*g**2 + 333*g - 12. What is s(-2)?
82
Let i(q) = 2*q**3 + 71*q**2 + 74*q - 4854. Calculate i(-32).
-54
Let n(z) = -35*z**2 - 3486*z + 1377. Give n(-100).
-23
Let j(h) = -21890*h - 43800. Calculate j(-2).
-20
Let s(g) = -5816*g - 290800. Determine s(-50).
0
Let t(c) = c**3 + 62*c**2 - 2704*c + 5154. What is t(-92)?
2
Let g(i) = 509*i + 138. Calculate g(2).
1156
Let b(q) = 18150*q**2 - 217801*q + 22. Calculate b(12).
10
Let y(x) = -6*x + 1047. Give y(10).
987
Let s(k) = 11*k**2 - 7797*k + 39008. Give s(5).
298
Let l(v) = -75*v**2 - 2299*v + 1063. What is l(-31)?
257
Let w(u) = -u**3 - 308*u**2 + 2220*u - 150. Calculate w(7).
-45
Let a(g) = -9931*g - 635587. Calculate a(-64).
-3
Let r(v) = -452*v + 8264. Calculate r(21).
-1228
Let f(j) = -j**2 + 116*j + 16755. Determine f(200).
-45
Let w(h) = -h**3 + 40*h**2 - 134*h + 18846. Give w(46).
-14
Let b(u) = 1438*u + 1451. Determine b(-1).
13
Let a(q) = -q**3 + 119*q**2 - 454*q - 740. Give a(115).
-50
Let t(l) = 2439*l + 104951. Give t(-43).
74
Let m(b) = b**2 + 367342*b - 2938806. Give m(8).
-6
Let o(p) = -8*p**2 - 223*p + 2282. Calculate o(10).
-748
Let k(j) = 4*j**2 - 77*j - 2328. Give k(-16).
-72
Let f(d) = -12*d**3 - 148*d**2 + 797*d - 66. Calculate f(5).
-1281
Let k(g) = -18*g**2 - 947*g - 6139. Calculate k(-45).
26
Let f(i) = 42*i**3 + 333*i**2 - 11*i + 52. What is f(-8)?
-52
Let l(a) = -145*a**2 - 120*a. Give l(-1).
-25
Let j(x) = 18*x**2 + 134*x - 51. What is j(-9)?
201
Let c(q) = q**3 - 47*q**2 - 279*q + 14. What is c(-7)?
-679
Let b(w) = -261183*w +